{"id":42,"date":"2018-06-24T09:27:18","date_gmt":"2018-06-24T07:27:18","guid":{"rendered":"http:\/\/tomdaroc.com\/?page_id=42"},"modified":"2025-12-21T12:59:57","modified_gmt":"2025-12-21T11:59:57","slug":"demain-et-plus","status":"publish","type":"page","link":"https:\/\/tomdaroc.com\/","title":{"rendered":"Des histoires et de l&rsquo;anticipation"},"content":{"rendered":"<p>Ici, vous trouverez principalement des liens vers des nouvelles (la saga d&rsquo;anticipation est en toilettage, elle arrive bient\u00f4t).<\/p>\n<p>J&rsquo;adore raconter des histoires et surtout celles qui anticipent l&rsquo;avenir mais pas seulement. Du coup, je n&rsquo;explore pas un seul style mais plusieurs.<\/p>\n<p>Voil\u00e0 donc la liste des histoires qui m\u00e9ritent d&rsquo;\u00eatre partag\u00e9es.\u00a0 Pour simplifier, je mets des liens vers la plateforme Atramenta. Certaines histoires sont aussi sur Wattpad.<\/p>\n<p>N&rsquo;h\u00e9sitez pas \u00e0 laisser un commentaire sur Atramenta.<\/p>\n<p><a href=\"https:\/\/www.atramenta.net\/lire\/lhomme-qui-tua-le-diable\/102584\" target=\"_blank\" rel=\"noopener\">L&rsquo;homme qui tua le diable<\/a><\/p>\n<p>Une tr\u00e8s courte fable, \u00e9crite il y a fort longtemps, plut\u00f4t pour un public adulte (du fait de sa violence).<\/p>\n<p><em><strong>Nouvelles d&rsquo;anticipation<\/strong><\/em><\/p>\n<p><a href=\"https:\/\/www.atramenta.net\/lire\/quand-les-avions-tomberont\/77709\" target=\"_blank\" rel=\"noopener\">Quand les avions tomberont<\/a><\/p>\n<p>Une nouvelle dystopique \u00e9crite en 2018 qui se passe en 2025. Pour l&rsquo;instant, le futur \u00e9voqu\u00e9 n&rsquo;est pas devenu r\u00e9alit\u00e9.<\/p>\n<p><a href=\"https:\/\/www.atramenta.net\/lire\/plus-humain-quhumain\/77731\" target=\"_blank\" rel=\"noopener\">Plus humain qu&rsquo;humain<\/a><\/p>\n<p>Une nouvelle dans un style polar abordant le sujet de la robotique et plus loin..<\/p>\n<p><em>Pitch: Ann\u00e9e 2030, Djef, d\u00e9tective priv\u00e9, se lance \u00e0 la recherche de son ancien professeur aveugle et surtout de son robot domestique.<\/em><\/p>\n<p><em><strong>Section Lecture plus l\u00e9g\u00e8re<\/strong><\/em><\/p>\n<p><a href=\"https:\/\/www.atramenta.net\/lire\/le-prince-oublie-la-fleur-et-le-papillon\/81321\" target=\"_blank\" rel=\"noopener\">Le Prince Oubli\u00e9, la Fleur et le Papillon<\/a><\/p>\n<p>Un conte \u00e9crit \u00e0 l&rsquo;\u00e9poque pour un concours de nouvelles li\u00e9s au film \u00ab Le Prince Oubli\u00e9 \u00bb de Michel Hazanavicius. Finalement, le texte n\u2019a pas \u00e9t\u00e9 retenu et le voil\u00e0 en version quelque peu allong\u00e9e. Enfin, un texte plut\u00f4t feel-good et l\u00e9ger. Le conte est \u00e9crit de mani\u00e8re \u00e0 \u00eatre narr\u00e9 \u00e0 une audience d\u2019enfants (\u00e0 partir de 5 ans et sans limites).<\/p>\n<p><a href=\"https:\/\/www.atramenta.net\/lire\/the-twilight-zone\/82062\" target=\"_blank\" rel=\"noopener\">The twilight zone<\/a><\/p>\n<p>Promenade sentimentale et militante d\u2019apr\u00e8s covid (courte nouvelle tout public, gentiment surann\u00e9).<\/p>\n<p><em><strong>Section What The Fuck<\/strong><\/em><\/p>\n<p><a href=\"https:\/\/www.atramenta.net\/lire\/carbonchaos\/102635\" target=\"_blank\" rel=\"noopener\">CarbonChaos<\/a><\/p>\n<p>Du grand n&rsquo;importe quoi (volontairement assum\u00e9) dans un monde postapocalyptique; m\u00e9chant, primal, violent et futuriste. Pour un public averti.<\/p>\n<p><em>Pitch: Futur dystopique effondr\u00e9, des factions foutraques coop\u00e8rent pour survivre. Le CarbonChaos terrorise un reliquat l\u2019humanit\u00e9.<\/em><\/p>\n<p><a href=\"https:\/\/www.atramenta.net\/lire\/neige-brune\/103029\">Neige brune<\/a><\/p>\n<p>Exploration du monde des SCP et d&rsquo;une \u00e9criture tortur\u00e9e.<\/p>\n<p><em>Pitch: Un journaliste en prise avec ses d\u00e9mons et un monde qui devient \u00e9tranger.<\/em><\/p>\n<p>&nbsp;<\/p>\n<p><em>A noter qu&rsquo;aucune IA n&rsquo;a \u00e9t\u00e9 utilis\u00e9e pour \u00e9crire les textes, par contre, les images de couverture viennent d&rsquo;une machine.<\/em><\/p>\n","protected":false},"excerpt":{"rendered":"<p>Ici, vous trouverez principalement des liens vers des nouvelles (la saga d&rsquo;anticipation est en toilettage, elle arrive bient\u00f4t). J&rsquo;adore raconter des histoires et surtout celles qui anticipent l&rsquo;avenir mais pas seulement. Du coup, je n&rsquo;explore pas un seul style mais plusieurs. Voil\u00e0 donc la liste des histoires qui m\u00e9ritent d&rsquo;\u00eatre partag\u00e9es.\u00a0 Pour simplifier, je mets &hellip; <a href=\"https:\/\/tomdaroc.com\/\" class=\"more-link\">Continuer la lecture<span class=\"screen-reader-text\"> de &laquo;&nbsp;Des histoires et de l&rsquo;anticipation&nbsp;&raquo;<\/span><\/a><\/p>\n","protected":false},"author":1,"featured_media":0,"parent":0,"menu_order":0,"comment_status":"closed","ping_status":"closed","template":"","meta":{"footnotes":""},"class_list":["post-42","page","type-page","status-publish","hentry"],"_links":{"self":[{"href":"https:\/\/tomdaroc.com\/index.php\/wp-json\/wp\/v2\/pages\/42","targetHints":{"allow":["GET"]}}],"collection":[{"href":"https:\/\/tomdaroc.com\/index.php\/wp-json\/wp\/v2\/pages"}],"about":[{"href":"https:\/\/tomdaroc.com\/index.php\/wp-json\/wp\/v2\/types\/page"}],"author":[{"embeddable":true,"href":"https:\/\/tomdaroc.com\/index.php\/wp-json\/wp\/v2\/users\/1"}],"replies":[{"embeddable":true,"href":"https:\/\/tomdaroc.com\/index.php\/wp-json\/wp\/v2\/comments?post=42"}],"version-history":[{"count":19,"href":"https:\/\/tomdaroc.com\/index.php\/wp-json\/wp\/v2\/pages\/42\/revisions"}],"predecessor-version":[{"id":142,"href":"https:\/\/tomdaroc.com\/index.php\/wp-json\/wp\/v2\/pages\/42\/revisions\/142"}],"wp:attachment":[{"href":"https:\/\/tomdaroc.com\/index.php\/wp-json\/wp\/v2\/media?parent=42"}],"curies":[{"name":"wp","href":"https:\/\/api.w.org\/{rel}","templated":true}]}}